
11
Let h(d) = -d**3 + 18*d**2 - 29*d + 208. Let t be h(17). Let y be -2*(0 - 2 - 2). What is the greatest common divisor of y and t?
4
Let j(h) = 40*h**2 - 14*h - 28. Let a be j(-2). Calculate the highest common divisor of a and 8.
8
Let l be (51/34)/(2/4). Suppose -111 = -l*a - s + 111, 0 = 4*a - 2*s - 306. Calculate the greatest common divisor of 15 and a.
15
Suppose 16 - 12 = v. Suppose v*l + 2*i = 154, -l + 5*i - 34 = -2*l. Calculate the greatest common factor of l and 273.
39
Let b(h) = -3*h**2 + 2*h + 3. Let w = 1 + 2. Let r be b(w). Let o be (-8)/(-12)*-3 - r. Calculate the greatest common divisor of 32 and o.
16
Let u(f) = -5*f - 1. Let x be u(-1). Suppose x*o - 5 + 21 = 0. Let k be 558/9 + o/2. What is the highest common divisor of k and 12?
12
Suppose 0 = -4*x - 2*z + 736, 16*z = -4*x + 12*z + 744. Calculate the highest common divisor of x and 91.
91
Let o = 0 - -17. Suppose o*m = 19*m - 126. Suppose -k - 5 = 0, 3*k = -3*b - 0*b + m. What is the highest common factor of 26 and b?
26
Let g be (-1598)/(-10) - (-3)/15. Suppose 0*l = -2*l + g. Calculate the highest common divisor of 5 and l.
5
Suppose 0 = 3*p - 99 + 615. Let s = p - -260. What is the highest common factor of s and 11?
11
Let j(a) = 8*a**2 - a - 60. Let h be j(7). Calculate the highest common factor of h and 25.
25
Suppose 5*u + 3*y - 11 = 40, 2*y = -3*u + 30. Suppose -99 = -7*q + 405. Calculate the highest common divisor of q and u.
12
Let y be 11/((-462)/(-4692)) - 8/(-28). Calculate the greatest common factor of 28 and y.
28
Let t be (-13 - 7)*6/(-4). Suppose -w + 4*w = -4*j + t, 5*w + 3*j - 61 = 0. Calculate the highest common factor of 28 and w.
14
Suppose -3*v - 1 = -7. Let w be (0 - v) + (1 - -1). Suppose z - 1 = -w. What is the highest common factor of 4 and z?
1
Suppose 10 = -770*v + 775*v. What is the greatest common divisor of v and 64?
2
Let o(y) = -y**3 + 19*y**2 + 49*y - 32. Let j be o(21). What is the highest common factor of j and 69?
23
Suppose 0 = -3*k + 457 + 74. Let q = k - 33. Let i be -3 - -2 - 1*-17. What is the greatest common factor of i and q?
16
Let l(h) = 13*h + 2. Let g be l(1). Suppose 0*j + g = j. What is the highest common factor of j and 5?
5
Let t be (-715)/(-99) - 7 - (-79)/9. Calculate the greatest common factor of t and 6.
3
Let o = 583 - 557. What is the greatest common factor of o and 91?
13
Let u = -149 - -181. Suppose -145 = -j - 3*z, 4*z + 78 - 218 = -j. Calculate the highest common divisor of j and u.
32
Suppose 5*q - 3*u + u = 20, 0 = 4*u + 20. Suppose 9 = q*t - 3*o - 64, 4*t - 113 = -5*o. Calculate the highest common divisor of 8 and t.
8
Let n(i) = 29*i**2 + 3*i + 2. Let c be n(-1). Suppose 8 = -10*d + c. What is the greatest common divisor of 10 and d?
2
Suppose 0 = 38*u - 33*u - 605. Let o be (26/(-6))/((-3)/9). Let s = o + -2. What is the greatest common factor of s and u?
11
Suppose 2*h - 3 = -2*c + 9, 11 = 3*h - 4*c. Suppose h*q - 23 = -18. Let u(a) = a**2 + 5*a + 5. Let y be u(-5). Calculate the greatest common factor of y and q.
1
Let s(w) = 181*w - 10. Let p(b) = 60*b - 4. Let o(l) = 8*p(l) - 3*s(l). Let d be o(-3). Calculate the highest common divisor of 11 and d.
11
Let q = -1347 - -1438. Calculate the greatest common factor of q and 234.
13
Let d be (10/6)/((16/(-870))/(-8)). What is the greatest common factor of d and 116?
29
Let l(x) = -7*x**3 - 3*x**2 + 2*x + 5. Let y be l(-2). Let i(o) = -5*o - 5. Let w be i(-7). Calculate the highest common divisor of y and w.
15
Let i = -173 + 465. What is the highest common factor of 4 and i?
4
Let n be (-214)/(-10) + (-2)/5. Let x = 690 + -669. What is the highest common factor of n and x?
21
Suppose -3*r - 16 = -5*r. Let p be (17 - (21 - 2)) + (2*16 - -2). What is the greatest common divisor of r and p?
8
Let p = -61 - -41. Let f = 46 + p. What is the greatest common divisor of 13 and f?
13
Let l(g) = 286*g**2 + 2*g + 1. Let c be l(-1). Suppose -1231 = -40*j + 1049. What is the greatest common divisor of c and j?
57
Let f(d) = -2 + 1 - d + 9. Let g be f(6). Suppose -219 = -v - 2*q, 2*v = g*q - 0*q + 432. Calculate the highest common factor of 31 and v.
31
Let h(w) = -w**2 - 6*w - 5. Let q be h(-5). Let y be (-471)/(-6) + q + 9/6. What is the highest common divisor of 20 and y?
20
Suppose -16*q + 8*q + 16 = 0. What is the highest common factor of q and 22?
2
Let r(q) = 5*q**2 - 37*q + 322. Let i be r(21). Calculate the greatest common factor of i and 10.
10
Suppose 4*v - 5*z - 65 = 0, 3*z - 30 = -v + 7*z. Let o = -8 + 27. Let f = 69 - o. What is the highest common divisor of f and v?
10
Suppose -28*g + 24*g = 2*c - 3390, -2*c - 3*g + 3395 = 0. What is the highest common divisor of c and 55?
55
Suppose -10*v = -8*v - 8. Let l be v + (2/(6/351) - 1). Calculate the greatest common divisor of l and 24.
24
Let y = 22 + -14. Suppose -10 = -5*r - 0*r. Suppose -v - r*u + 3*u + 77 = 0, 3*v + 2*u = 206. Calculate the highest common divisor of y and v.
8
Suppose 57*g = 52*g + 455. Let m = g - 52. Calculate the greatest common divisor of 13 and m.
13
Let s = 1057 - 707. Suppose 5*i = 2*m + s, -63 = -i + 2*m + 7. What is the highest common factor of i and 20?
10
Suppose 0 = -4*j + 7 - 59. Let o = 18 + j. Suppose 0*c + o*c = 130. What is the highest common factor of 65 and c?
13
Let t be (3/2)/(3/28). Suppose 3*r + t = q, 2*q = -0*q - r. Suppose -q*p + 20 = -16. Calculate the highest common factor of 144 and p.
18
Let o = -31 + 40. Let w be 6 + -3 + o/1. Let v be (-219)/(-9) + (-1)/3. What is the greatest common factor of v and w?
12
Suppose -l + 4*l - 18 = 0. Let u(p) = -p**2 + 5*p + 7. Let w be u(l). Let x(o) = -6*o + 5. Let t be x(0). Calculate the greatest common factor of w and t.
1
Let a = -6 + 8. Suppose 0 = -a*o - 2*o + 88. Calculate the greatest common factor of 22 and o.
22
Suppose 15*w - 7903 = 1547. What is the greatest common divisor of 18 and w?
18
Suppose -x = 5*a - 17, -4*x - 35 + 3 = -5*a. Let l = 456 + -256. Suppose -a*n = -6*n + l. Calculate the greatest common factor of 25 and n.
25
Let v(q) = q**2 + 3*q. Let k be v(-3). Let w be (56 - -3) + k - 3. Let a be (4/(-3))/(1/(-21)*2). What is the highest common divisor of a and w?
14
Let j be (-446)/(-30) - (-8)/60 - 6. Calculate the greatest common factor of j and 99.
9
Let a(f) = f**2 + 15*f + 60. Let c be a(-8). Calculate the highest common divisor of c and 76.
4
Let y(p) = p + 4. Let j(w) = -3*w - 13. Let r(a) = 3*j(a) + 8*y(a). Let b be r(-5). Let f be (-9 - -8)/(b/24). What is the greatest common factor of f and 3?
3
Let n(x) = 38*x - 223. Let o be n(9). Suppose -5*h + 1 + 4 = 0. Suppose -h = 3*y - 52. What is the highest common factor of o and y?
17
Let u(y) = 53*y - 4. Let j be u(1). Suppose j = n + 6*n. Calculate the greatest common factor of 7 and n.
7
Suppose 2*k = -8, 4*g - 1982 = 5*k + 250. Calculate the highest common factor of g and 79.
79
Let m(q) = q**3 - 6*q**2 - 19*q. Let y be m(8). Let k = y + 39. Calculate the highest common factor of 15 and k.
15
Let b be 32/1 + (-308)/(-14) + -28. Calculate the greatest common divisor of b and 16.
2
Let r = 452 - 242. What is the highest common factor of r and 168?
42
Suppose 4*z - 3*x + 18 = -0*x, 0 = 5*z - 3*x + 21. Let w = 0 - z. Let t be (-333)/6*-2 - w. What is the greatest common factor of t and 12?
12
Suppose -15*z + 10*z = 30. Let f be (-14)/z - (-10)/15. What is the greatest common factor of 24 and f?
3
Suppose 0 = r + 2*n - 7*n + 14, -2*r - 4 = 2*n. Let i be 605/44 - (-3)/r. Calculate the highest common factor of i and 39.
13
Let c(l) = 3*l + 2*l**2 - 5*l**2 + 5 + 6*l**2 + 3*l**2. Let q be c(-5). What is the greatest common divisor of q and 28?
28
Let h(v) = -v**3 + 17*v + 19. Let k be h(-6). What is the highest common divisor of 42 and k?
7
Let m be 304*((-37)/(-28) - (-92)/(-161)). Calculate the greatest common divisor of 24 and m.
12
Suppose -f + 5*u = 4*f - 35, -u - 4 = 0. Let q be 0 - (0/f)/(-1). Let p = 11 - q. What is the highest common factor of 88 and p?
11
Let j be 3/((-17)/(-10) + -2). Let g = 8 + j. Let i be (11/(-2))/(g/8). Calculate the greatest common divisor of i and 55.
11
Let g be (-102)/(-5) - (-3)/5. Suppose -2*f - 2001 = -5*f. Suppose 3*k + o - f = -k, -3*k - 3*o = -489. What is the greatest common divisor of k and g?
21
Suppose 3*x